at is the greatest common divisor of 34564896 and 23328?
288
What is the greatest common factor of 184226625 and 1485?
495
Calculate the highest common factor of 89 and 108917.
1
Calculate the highest common factor of 14770 and 1258826.
422
Calculate the greatest common divisor of 264 and 102936.
24
Calculate the highest common factor of 1628877 and 1374.
687
Calculate the greatest common divisor of 451461 and 10614.
183
Calculate the highest common divisor of 252 and 385803747.
63
Calculate the greatest common factor of 39520152 and 24.
24
What is the highest common factor of 282187 and 148304?
23
Calculate the highest common divisor of 7602491 and 25376.
793
What is the highest common factor of 5234976 and 13529?
83
What is the highest common factor of 1808 and 22751420?
452
Calculate the greatest common factor of 73536 and 1071251.
383
Calculate the greatest common divisor of 21299712 and 349788.
3396
Calculate the highest common factor of 33 and 183201942.
33
What is the highest common divisor of 714 and 608939660?
238
What is the highest common factor of 33 and 1479036?
3
What is the highest common divisor of 4528 and 41419031?
283
Calculate the greatest common divisor of 241318 and 4494.
14
Calculate the greatest common factor of 20084962 and 186.
62
What is the highest common divisor of 96 and 172462632?
24
Calculate the greatest common divisor of 17976 and 1491112.
56
Calculate the greatest common divisor of 935996859 and 21.
21
What is the highest common factor of 1213786 and 268604?
2534
Calculate the highest common divisor of 32412 and 1068.
12
Calculate the greatest common divisor of 1113576097 and 2687.
2687
What is the greatest common factor of 741 and 4836039?
39
What is the highest common divisor of 32901 and 1478994?
33
What is the greatest common divisor of 68 and 240758182?
34
What is the highest common divisor of 44020 and 807860?
620
What is the greatest common factor of 4297707 and 54?
9
Calculate the greatest common divisor of 603123 and 45847.
127
Calculate the greatest common factor of 1413696 and 216.
24
Calculate the highest common divisor of 62253803 and 132029.
4259
What is the greatest common divisor of 11779184 and 9088?
1136
What is the highest common divisor of 292942230 and 258?
258
What is the greatest common divisor of 48232674 and 127078?
4382
What is the greatest common divisor of 11126766 and 80598?
4242
Calculate the highest common divisor of 1168344 and 9432.
72
Calculate the greatest common divisor of 931 and 246127.
49
What is the highest common factor of 210034723 and 200719?
11807
What is the greatest common divisor of 1309610 and 984370?
1730
Calculate the greatest common factor of 35177394 and 3087.
1029
What is the greatest common divisor of 275141 and 385801?
503
What is the highest common divisor of 225746 and 43378?
82
Calculate the greatest common divisor of 204179833 and 55.
11
Calculate the highest common divisor of 525 and 22872780.
105
What is the greatest common divisor of 1 and 8928107?
1
Calculate the highest common divisor of 42796 and 1664.
52
What is the greatest common factor of 1200 and 9441550?
50
What is the greatest common divisor of 2336310 and 8415?
765
Calculate the highest common factor of 976 and 133324162.
122
What is the greatest common divisor of 8899 and 6254379?
809
What is the greatest common factor of 606735 and 35028?
1251
What is the highest common factor of 444 and 288780930?
222
Calculate the highest common factor of 88426 and 43264.
26
Calculate the greatest common divisor of 8654370 and 6.
6
What is the greatest common factor of 700 and 36248450?
350
Calculate the greatest common factor of 1143 and 11240262.
1143
What is the highest common factor of 16881 and 510595?
17
Calculate the highest common divisor of 7102 and 272102.
106
What is the greatest common divisor of 4441410 and 878400?
5490
What is the highest common divisor of 46271410 and 30?
10
Calculate the greatest common factor of 45376430 and 770.
110
What is the highest common factor of 146 and 14880247?
73
Calculate the highest common divisor of 633885 and 35.
35
What is the greatest common factor of 1396194391 and 11051?
11051
What is the greatest common divisor of 2116482 and 28026?
1038
Calculate the highest common factor of 720 and 10089792.
144
What is the highest common factor of 788062152 and 5232?
2616
Calculate the greatest common factor of 101960840 and 160.
40
What is the highest common factor of 304071 and 47953?
79
Calculate the highest common factor of 408 and 36266508.
204
Calculate the highest common factor of 5308154 and 506278.
3106
What is the highest common factor of 816 and 84576?
48
What is the greatest common factor of 157522 and 2771?
17
Calculate the greatest common divisor of 12865144 and 984.
328
Calculate the highest common divisor of 4773248 and 32.
32
Calculate the highest common divisor of 640 and 5173520.
80
Calculate the highest common divisor of 50605368 and 25795.
737
Calculate the highest common factor of 3267 and 25531.
121
Calculate the greatest common divisor of 1039624 and 19864.
8
Calculate the greatest common factor of 524247752 and 1442.
1442
Calculate the greatest common factor of 33868562 and 497.
497
Calculate the highest common divisor of 83 and 648037108.
83
Calculate the greatest common divisor of 40726 and 25721378.
5818
Calculate the highest common factor of 16758 and 3045938.
98
What is the highest common factor of 792 and 356092?
44
Calculate the highest common divisor of 376374 and 3710547.
447
Calculate the highest common divisor of 781387795 and 1195.
1195
Calculate the greatest common factor of 3227 and 235774301.
3227
Calculate the highest common divisor of 95310080 and 100.
20
Calculate the greatest common divisor of 1827739 and 492.
41
Calculate the highest common divisor of 60 and 86017380.
60
What is the greatest common divisor of 800203371 and 121?
121
Calculate the greatest common factor of 16272555 and 156.
39
Calculate the highest common factor of 268291350 and 675.
225
Calculate the highest common divisor of 398138 and 39063463.
15313
Calculate the greatest common divisor of 8240414 and 96824.
3458
Calculate the highest common factor of 323 and 2589377.
19
Calculate the greatest common divisor of 2568 and 950802.
642
What is the greatest common divisor of 59983846 and 4394?
338
Calculate the greatest common divisor of 708199552 and 17988.
5996
What is the highest common divisor of 40666023 and 5814?
2907
What is the highest common factor of 233388844 and 1808?
452
What is the greatest common factor of 609510 and 8305?
55
What is the greatest common factor of 24120 and 84748635?
3015
What is the greatest common factor of 980119941 and 129?
129
What is the greatest common factor of 8 and 74901688?
8
What is the highest common divisor of 480 and 17147360?
160
Calculate the greatest common factor of 53669 and 1065526.
1309
Calculate the greatest common factor of 1887 and 36301477.
629
Calculate the greatest common divisor of 129063520 and 32.
32
Calculate the greatest common factor of 3904 and 609871168.
3904
What is the greatest common divisor of 587250973 and 23?
23
Calculate the highest common divisor of 9669660 and 355355.
5005
Calculate the greatest common divisor of 3 and 98616252.
3
What is the highest common factor of 269227849 and 1529?
1529
What is the highest common factor of 465746 and 19883?
59
What is the highest common factor of 68 and 9218652?
4
What is the greatest common divisor of 686 and 405630085?
343
Calculate the greatest common factor of 30392957 and 37961.
3451
Calculate the greatest common divisor of 203240 and 15000.
40
Calculate the highest common factor of 1128 and 1904440.
376
What is the highest common divisor of 871 and 2057497?
13
What is the highest common factor of 19413592 and 65208?
1672
Calculate the greatest common factor of 22608856 and 648.
8
Calculate the greatest common divisor of 81 and 29167101.
27
What is the highest common factor of 51 and 31988696?
17
Calculate the greatest common factor of 41275 and 297050.
325
What is the highest common divisor of 2198 and 8805188?
2198
What is the highest common divisor of 4101043 and 2981?
271
Calculate the greatest common divisor of 193324 and 532